
False
Is 81593 a prime number?
False
Is 1232291 a composite number?
False
Is 685141 a composite number?
False
Is 37894 composite?
True
Is 53437 a composite number?
False
Is 29117 a prime number?
False
Is 2417 a composite number?
False
Is 243301 a composite number?
False
Is 9941 a prime number?
True
Is 110761 prime?
False
Is 267 a composite number?
True
Is 32041 composite?
True
Is 36131 prime?
True
Is 1967 a composite number?
True
Is 1657 prime?
True
Is 1959547 prime?
False
Is 37921 a composite number?
True
Is 1736387 prime?
True
Is 17897 composite?
True
Is 61233 prime?
False
Is 5497 composite?
True
Is 318427 a prime number?
False
Is 7993 prime?
True
Is 259705 a prime number?
False
Is 11419 prime?
False
Is 1168033 a composite number?
True
Is 385559 a prime number?
True
Is 9893 a composite number?
True
Is 279073 composite?
False
Is 1035781 composite?
False
Is 137419 composite?
True
Is 174039 a composite number?
True
Is 848087 composite?
False
Is 887 prime?
True
Is 140381 prime?
True
Is 111761 prime?
False
Is 32593 prime?
False
Is 531017 composite?
False
Is 807071 a prime number?
True
Is 17609 composite?
False
Is 31667 a prime number?
True
Is 89647 a composite number?
True
Is 12893 a composite number?
False
Is 18433 a prime number?
True
Is 30679 composite?
True
Is 474023 prime?
False
Is 4673 a prime number?
True
Is 6229 composite?
False
Is 100411 composite?
False
Is 1905863 prime?
True
Is 88285 composite?
True
Is 1927769 composite?
True
Is 81007 composite?
True
Is 1310963 prime?
True
Is 620561 a composite number?
False
Is 664843 a prime number?
True
Is 32771 prime?
True
Is 908989 prime?
False
Is 44417 composite?
False
Is 471659 a composite number?
False
Is 11341 prime?
False
Is 930061 prime?
False
Is 664891 a prime number?
True
Is 717 a composite number?
True
Is 14095 prime?
False
Is 69769 a composite number?
True
Is 79447 a prime number?
False
Is 13751 a prime number?
True
Is 840757 a prime number?
True
Is 86015 a composite number?
True
Is 1031669 a composite number?
False
Is 17203 prime?
True
Is 733741 composite?
False
Is 999043 prime?
True
Is 30377 composite?
True
Is 3079 composite?
False
Is 9977 a prime number?
False
Is 850882 a prime number?
False
Is 189403 a composite number?
True
Is 371363 a prime number?
False
Is 387613 prime?
True
Is 432833 a prime number?
True
Is 2746603 a composite number?
False
Is 227813 composite?
True
Is 178393 a composite number?
False
Is 21697 a composite number?
True
Is 34841 a composite number?
False
Is 37333 a composite number?
True
Is 2852249 composite?
False
Is 48491 a prime number?
True
Is 224563 a prime number?
True
Is 38507 prime?
False
Is 51713 a composite number?
False
Is 149921 a composite number?
False
Is 1133207 composite?
True
Is 13285 prime?
False
Is 706855 a prime number?
False
Is 6863 prime?
True
Is 15859 composite?
False
Is 1621183 a composite number?
True
Is 521 a prime number?
True
Is 48017 a composite number?
False
Is 398441 prime?
True
Is 439949 a prime number?
True
Is 619363 prime?
True
Is 2927 a composite number?
False
Is 58801 prime?
False
Is 5737 composite?
False
Is 159 prime?
False
Is 36181 prime?
False
Is 12581 composite?
True
Is 713158 a prime number?
False
Is 192197 a composite number?
True
Is 9391 composite?
False
Is 187351 composite?
True
Is 242057 prime?
True
Is 10831 prime?
True
Is 1381481 a prime number?
False
Is 3117 a prime number?
False
Is 56089 a composite number?
True
Is 1203641 prime?
True
Is 33757 prime?
True
Is 30773 a composite number?
False
Is 102481 a composite number?
False
Is 39749 composite?
False
Is 184499 a prime number?
False
Is 97649 a prime number?
True
Is 81607 a composite number?
True
Is 23915 a prime number?
False
Is 551767 prime?
True
Is 4073 a composite number?
False
Is 12881 a composite number?
True
Is 107771 a composite number?
True
Is 129039 composite?
True
Is 1432309 composite?
True
Is 315517 composite?
False
Is 2767 prime?
True
Is 5539 a composite number?
True
Is 74105 prime?
False
Is 24305 a composite number?
True
Is 2784599 composite?
False
Is 14983 a composite number?
False
Is 356803 composite?
False
Is 25579 a composite number?
False
Is 1469 prime?
False
Is 63191 composite?
True
Is 18419 a prime number?
False
Is 460231 a prime number?
True
Is 63463 a prime number?
True
Is 10942 composite?
True
Is 66727 a composite number?
True
Is 370551 a prime number?
False
Is 4777 a prime number?
False
Is 74257 prime?
True
Is 41723 composite?
True
Is 341543 a prime number?
True
Is 397 prime?
True
Is 46381 composite?
False
Is 988051 prime?
True
Is 4759 composite?
False
Is 240209 a composite number?
False
Is 57053 composite?
True
Is 315179 composite?
False
Is 7801 prime?
False
Is 10805 composite?
True
Is 137755 composite?
True
Is 28643 a prime number?
True
Is 567031 a composite number?
False
Is 22147 a composite number?
False
Is 2149 prime?
False
Is 398759 prime?
True
Is 7063 a prime number?
False
Is 2941 composite?
True
Is 12889 prime?
True
Is 469633 prime?
False
Is 5683 prime?
True
Is 11111 prime?
False
Is 50041 composite?
True
Is 16057 composite?
False
Is 375667 a composite number?
False
Is 58271 a composite number?
False
Is 21869 a composite number?
True
Is 3694 a prime number?
False
Is 468634 a composite number?
True
Is 124633 composite?
False
Is 121 a composite number?
True
Is 10559 a prime number?
True
Is 317 a composite number?
False
Is 33287 prime?
True
Is 901111 composite?
False
Is 659563 prime?
True
Is 75253 prime?
True
Is 9 a composite number?
True
Is 2503 prime?
True
Is 19567 composite?
True
Is 46 prime?
False
Is 346 a composite number?
True
Is 307091 a composite number?
False
Is 4470569 a prime number?
True
Is 87179 composite?
False
Is 24005 composite?
True
Is 10481 a prime number?
False
Is 252209 a composite number?
False
Is 80303 a composite number?
True
Is 1931 a prime number?
True
Is 52247 composite?
True
Is 43853 a prime number?
True
Is 1716443 a composite number?
False
Is 1247189 composite?
False
Is 13403 prime?
False
Is 7033 a prime number?
False
Is 7699 a composite number?
False
Is 153155 composite?
True
Is 1278163 composite?
False
Is 1210449 a prime number?
False
Is 81817 prime?
True
Is 507289 composite?
False
Is 3629 composite?
True
Is 127615 a composite number?
True
Is 9181 a composite number?
False
Is 104623 composite?
False
Is 136847 a composite number?
True
Is 3779 a prime number?
True
Is 16601 composite?
True
Is 1017443 composite?
True
Is 30269 prime?
True
Is 1539409 a prime number?
False
Is 242197 a prime number?
True
Is 139189 a prime number?
False
Is 29599 composite?
False
Is 19771 prime?
False
Is 496123 a composite number?
False
Is 160141 prime?
True
Is 172759 a composite number?
False
Is 8287 a prime number?
True
Is 11159 a prime number?
True
Is 265789 composite?
True
Is 134399 a prime number?
True
Is 56261 a prime number?
False
Is 2453 prime?
False
Is 17519 a prime number?
True
Is 99959 prime?
False
Is 284579 a prime number?
False
Is 107293 a prime number?
False
Is 165349 prime?
True
Is 18779 a prime number?
False
Is 355 prime?
False
Is 53377 composite?
False
Is 395989 a composite number?
True
Is 321107 a composite number?
True
Is 59263 a composite number?
False
Is 588767 a prime number?
True
Is 70043 a composite number?
True
Is 6259 prime?
False
Is 1397087 composite?
False
Is 13331 a prime number?
True
Is 14515 composite?
True
Is 35314 a composite number?
True
Is 18419 a prime number?
False
Is 11855 a composite number?
True
Is 182857 composite?
False
Is 2579 a composite number?
False
Is 514877 composite?
True
Is 10805 a prime number?
False
Is 9533 prime?
True
Is 1094939 prime?
True
Is 10681 a composite number?
True
Is 14447 a prime number?
True
Is 19661 a prime number?
True
Is 23605 a prime number?
False
Is 1106087 a composite number?
False
Is 29059 composite?
False
Is 479419 a composite number?
False
Is 1993889 composite?
True
Is 137723 composite?
False
Is 890653 a composite number?
False
Is 117571 a prime number?
True
Is 589137 a composite number?
True
Is 16573 a prime number?
True
Is 14431 composite?
False
Is 187 a prime number?
False
Is 947 prime?
True
Is 38953 a prime number?
True
Is 4831 a prime number?
True
Is 1760041 prime?
False
Is 509165 composite?
True
Is 353035 a prime number?
False
Is 9569 a prime number?
Fals